{"id":1302,"date":"2025-06-28T13:30:25","date_gmt":"2025-06-28T11:30:25","guid":{"rendered":"https:\/\/wilderheilzauber.de\/?page_id=1302"},"modified":"2025-06-28T13:34:55","modified_gmt":"2025-06-28T11:34:55","slug":"wildkraeutersalat","status":"publish","type":"page","link":"https:\/\/wilderheilzauber.de\/?page_id=1302","title":{"rendered":"Wildkr\u00e4utersalat"},"content":{"rendered":"\n<hr class=\"wp-block-separator has-alpha-channel-opacity\"\/>\n\n\n\n<h2 class=\"wp-block-heading\">\ud83c\udf3f Wildkr\u00e4utersalat mit essbaren Bl\u00fcten \u2013 Ein poetischer Genuss aus der Natur<\/h2>\n\n\n\n<p>Ein Wildkr\u00e4utersalat mit essbaren Bl\u00fcten ist nicht nur ein kulinarisches Erlebnis, sondern auch ein visuelles Gedicht. Bunt wie der Sommer, nahrhaft wie der Wald, frisch wie ein Morgen im Juni. Dieser Salat bringt die heilende Kraft der Wiesen direkt auf deinen Teller.<\/p>\n\n\n\n<hr class=\"wp-block-separator has-alpha-channel-opacity\"\/>\n\n\n\n<h3 class=\"wp-block-heading\">\ud83e\uddfa Zutaten f\u00fcr 2 Personen:<\/h3>\n\n\n\n<p><strong>Wildkr\u00e4uter (je nach Verf\u00fcgbarkeit und Geschmack):<\/strong><\/p>\n\n\n\n<ul class=\"wp-block-list\">\n<li>1 Handvoll junger L\u00f6wenzahnbl\u00e4tter<\/li>\n\n\n\n<li>1 Handvoll Giersch<\/li>\n\n\n\n<li>1 Handvoll Vogelmiere<\/li>\n\n\n\n<li>1 Handvoll Spitzwegerich (junge, zarte Bl\u00e4tter)<\/li>\n\n\n\n<li>\u00bd Handvoll Sauerampfer<\/li>\n\n\n\n<li>Einige Bl\u00e4tter Schafgarbe oder Brennnessel (vorher blanchiert oder ganz fein geschnitten)<\/li>\n<\/ul>\n\n\n\n<p><strong>Essbare Bl\u00fcten:<\/strong><\/p>\n\n\n\n<ul class=\"wp-block-list\">\n<li>G\u00e4nsebl\u00fcmchen<\/li>\n\n\n\n<li>Veilchen<\/li>\n\n\n\n<li>Kapuzinerkresse<\/li>\n\n\n\n<li>Ringelblumenbl\u00fcten (nur die Bl\u00fctenbl\u00e4tter)<\/li>\n\n\n\n<li>Borretschbl\u00fcten<\/li>\n\n\n\n<li>Schnittlauchbl\u00fcten oder Wilde Malven<\/li>\n<\/ul>\n\n\n\n<p><strong>F\u00fcr das Dressing:<\/strong><\/p>\n\n\n\n<ul class=\"wp-block-list\">\n<li>2 EL kaltgepresstes Oliven\u00f6l oder Hanf\u00f6l<\/li>\n\n\n\n<li>1 EL Apfelessig oder Zitronensaft<\/li>\n\n\n\n<li>1 TL Honig oder L\u00f6wenzahnsirup<\/li>\n\n\n\n<li>1 TL Senf (mild oder k\u00f6rnig)<\/li>\n\n\n\n<li>Salz und frisch gemahlener Pfeffer nach Geschmack<\/li>\n<\/ul>\n\n\n\n<hr class=\"wp-block-separator has-alpha-channel-opacity\"\/>\n\n\n\n<h3 class=\"wp-block-heading\">\ud83e\udd63 Schritt-f\u00fcr-Schritt-Anleitung:<\/h3>\n\n\n\n<ol class=\"wp-block-list\">\n<li><strong>Sammeln mit Achtsamkeit<\/strong><br>Gehe hinaus mit einem Korb und offenem Herzen. Sammle nur das, was du sicher erkennst. Achte darauf, dass du an unbelasteten Orten sammelst \u2013 fernab von Stra\u00dfen oder gespritzten Wiesen.<\/li>\n\n\n\n<li><strong>Waschen und Vorbereiten<\/strong><br>Die Wildkr\u00e4uter vorsichtig in kaltem Wasser waschen und trocken sch\u00fctteln. Grobe oder harte St\u00e4ngel entfernen. Gro\u00dfe Bl\u00e4tter eventuell etwas kleiner zupfen.<\/li>\n\n\n\n<li><strong>Bl\u00fcten vorbereiten<\/strong><br>Die Bl\u00fcten sanft aussch\u00fctteln (nicht waschen, um die Zartheit zu bewahren) und auf ein Tuch legen. Achte darauf, keine Insekten mit ins Haus zu bringen.<\/li>\n\n\n\n<li><strong>Dressing anr\u00fchren<\/strong><br>\u00d6l, Essig, Honig, Senf, Salz und Pfeffer in einer kleinen Sch\u00fcssel gut vermischen, bis eine samtige Emulsion entsteht. Du kannst auch etwas fein gehackten Knoblauch oder frische Kr\u00e4uter hinzuf\u00fcgen.<\/li>\n\n\n\n<li><strong>Salat anrichten<\/strong><br>Die Wildkr\u00e4uter locker auf zwei Teller verteilen oder in eine gro\u00dfe Sch\u00fcssel geben. Das Dressing dar\u00fcber tr\u00e4ufeln und alles vorsichtig vermengen.<\/li>\n\n\n\n<li><strong>Bl\u00fcten als Kr\u00f6nung<\/strong><br>Die essbaren Bl\u00fcten als dekorative und geschmackliche Kr\u00f6nung dar\u00fcberstreuen \u2013 wie Konfetti der Natur.<\/li>\n<\/ol>\n\n\n\n<figure class=\"wp-block-image size-large\"><img loading=\"lazy\" decoding=\"async\" width=\"1024\" height=\"683\" src=\"https:\/\/wilderheilzauber.de\/wp-content\/uploads\/2025\/06\/wildkraeutersalat_schritte-1024x683.jpg\" alt=\"\" class=\"wp-image-1303\" srcset=\"https:\/\/wilderheilzauber.de\/wp-content\/uploads\/2025\/06\/wildkraeutersalat_schritte-1024x683.jpg 1024w, https:\/\/wilderheilzauber.de\/wp-content\/uploads\/2025\/06\/wildkraeutersalat_schritte-300x200.jpg 300w, https:\/\/wilderheilzauber.de\/wp-content\/uploads\/2025\/06\/wildkraeutersalat_schritte-768x512.jpg 768w, https:\/\/wilderheilzauber.de\/wp-content\/uploads\/2025\/06\/wildkraeutersalat_schritte.jpg 1536w\" sizes=\"auto, (max-width: 1024px) 100vw, 1024px\" \/><\/figure>\n\n\n\n<hr class=\"wp-block-separator has-alpha-channel-opacity\"\/>\n\n\n\n<h3 class=\"wp-block-heading\">\ud83c\udf38 Tipp:<\/h3>\n\n\n\n<p>Dazu passt frisches Bauernbrot oder selbstgebackenes Kr\u00e4uterbr\u00f6tchen, eventuell mit einem Aufstrich aus Wildkr\u00e4utern. Wer mag, kann den Salat mit ger\u00f6steten Sonnenblumenkernen oder zerbr\u00f6seltem Ziegenk\u00e4se verfeinern.<\/p>\n\n\n\n<hr class=\"wp-block-separator has-alpha-channel-opacity\"\/>\n\n\n\n<h3 class=\"wp-block-heading\">\u2728 Fazit:<\/h3>\n\n\n\n<p>Dieser Wildkr\u00e4utersalat ist mehr als nur Nahrung \u2013 er ist eine Verbindung zur Erde, zur Sonne, zum Regen und zur Liebe zur Natur. Jeder Biss erz\u00e4hlt von Freiheit, Heilung und dem Zauber des Augenblicks.<\/p>\n\n\n\n<p><a href=\"https:\/\/wilderheilzauber.de\/wp-content\/uploads\/2025\/06\/Wildkraeutersalat_Rezept_ohne_Schritte.pdf\">Download PDF-Rezept<\/a><\/p>\n\n\n\n<p><\/p>\n","protected":false},"excerpt":{"rendered":"<p>\ud83c\udf3f Wildkr\u00e4utersalat mit essbaren Bl\u00fcten \u2013 Ein poetischer Genuss aus der Natur Ein Wildkr\u00e4utersalat mit essbaren Bl\u00fcten ist nicht nur ein kulinarisches Erlebnis, sondern auch ein visuelles Gedicht. &hellip; <a class=\"read-more\" href=\"https:\/\/wilderheilzauber.de\/?page_id=1302\">Weiterlesen<\/a><\/p>\n","protected":false},"author":1,"featured_media":0,"parent":908,"menu_order":0,"comment_status":"closed","ping_status":"closed","template":"","meta":{"_monsterinsights_skip_tracking":false,"_monsterinsights_sitenote_active":false,"_monsterinsights_sitenote_note":"","_monsterinsights_sitenote_category":0,"footnotes":""},"class_list":["post-1302","page","type-page","status-publish","hentry"],"aioseo_notices":[],"_links":{"self":[{"href":"https:\/\/wilderheilzauber.de\/index.php?rest_route=\/wp\/v2\/pages\/1302","targetHints":{"allow":["GET"]}}],"collection":[{"href":"https:\/\/wilderheilzauber.de\/index.php?rest_route=\/wp\/v2\/pages"}],"about":[{"href":"https:\/\/wilderheilzauber.de\/index.php?rest_route=\/wp\/v2\/types\/page"}],"author":[{"embeddable":true,"href":"https:\/\/wilderheilzauber.de\/index.php?rest_route=\/wp\/v2\/users\/1"}],"replies":[{"embeddable":true,"href":"https:\/\/wilderheilzauber.de\/index.php?rest_route=%2Fwp%2Fv2%2Fcomments&post=1302"}],"version-history":[{"count":2,"href":"https:\/\/wilderheilzauber.de\/index.php?rest_route=\/wp\/v2\/pages\/1302\/revisions"}],"predecessor-version":[{"id":1306,"href":"https:\/\/wilderheilzauber.de\/index.php?rest_route=\/wp\/v2\/pages\/1302\/revisions\/1306"}],"up":[{"embeddable":true,"href":"https:\/\/wilderheilzauber.de\/index.php?rest_route=\/wp\/v2\/pages\/908"}],"wp:attachment":[{"href":"https:\/\/wilderheilzauber.de\/index.php?rest_route=%2Fwp%2Fv2%2Fmedia&parent=1302"}],"curies":[{"name":"wp","href":"https:\/\/api.w.org\/{rel}","templated":true}]}}